980?
2, 3, 5, 83
List the prime factors of 366.
2, 3, 61
What are the prime factors of 1032?
2, 3, 43
List the prime factors of 3129.
3, 7, 149
List the prime factors of 9338.
2, 7, 23, 29
List the prime factors of 3019.
3019
What are the prime factors of 727?
727
List the prime factors of 18107.
19, 953
List the prime factors of 789.
3, 263
What are the prime factors of 3861?
3, 11, 13
What are the prime factors of 19196?
2, 4799
What are the prime factors of 39991?
7, 29, 197
List the prime factors of 2870.
2, 5, 7, 41
List the prime factors of 111.
3, 37
List the prime factors of 749.
7, 107
What are the prime factors of 6170?
2, 5, 617
What are the prime factors of 5786?
2, 11, 263
What are the prime factors of 2500?
2, 5
List the prime factors of 652.
2, 163
What are the prime factors of 38741?
19, 2039
List the prime factors of 46966.
2, 23, 1021
What are the prime factors of 36564?
2, 3, 11, 277
What are the prime factors of 96131?
7, 31, 443
List the prime factors of 4815.
3, 5, 107
List the prime factors of 6945.
3, 5, 463
List the prime factors of 6783.
3, 7, 17, 19
List the prime factors of 2235.
3, 5, 149
What are the prime factors of 134?
2, 67
List the prime factors of 4555.
5, 911
List the prime factors of 2010.
2, 3, 5, 67
What are the prime factors of 12935?
5, 13, 199
What are the prime factors of 67079?
67079
What are the prime factors of 413?
7, 59
List the prime factors of 50248.
2, 11, 571
What are the prime factors of 198?
2, 3, 11
List the prime factors of 1779.
3, 593
What are the prime factors of 1801?
1801
List the prime factors of 56221.
11, 19, 269
What are the prime factors of 4566?
2, 3, 761
What are the prime factors of 68543?
68543
List the prime factors of 605.
5, 11
What are the prime factors of 24208?
2, 17, 89
What are the prime factors of 886?
2, 443
What are the prime factors of 350?
2, 5, 7
List the prime factors of 106976.
2, 3343
List the prime factors of 326.
2, 163
List the prime factors of 4028.
2, 19, 53
List the prime factors of 451.
11, 41
What are the prime factors of 22684?
2, 53, 107
What are the prime factors of 1484?
2, 7, 53
What are the prime factors of 6810?
2, 3, 5, 227
What are the prime factors of 1673?
7, 239
What are the prime factors of 1278?
2, 3, 71
List the prime factors of 7868.
2, 7, 281
What are the prime factors of 30747?
3, 37, 277
List the prime factors of 1889.
1889
List the prime factors of 9242.
2, 4621
What are the prime factors of 2473?
2473
List the prime factors of 1465.
5, 293
List the prime factors of 1085.
5, 7, 31
List the prime factors of 541.
541
What are the prime factors of 786?
2, 3, 131
What are the prime factors of 69934?
2, 73, 479
What are the prime factors of 36603?
3, 7, 83
List the prime factors of 68638.
2, 34319
What are the prime factors of 145942?
2, 43, 1697
List the prime factors of 12868.
2, 3217
List the prime factors of 4080.
2, 3, 5, 17
What are the prime factors of 3246?
2, 3, 541
List the prime factors of 36334.
2, 37, 491
List the prime factors of 5095.
5, 1019
List the prime factors of 786.
2, 3, 131
What are the prime factors of 6492?
2, 3, 541
List the prime factors of 101.
101
List the prime factors of 1152.
2, 3
What are the prime factors of 1108?
2, 277
What are the prime factors of 75982?
2, 37991
What are the prime factors of 499?
499
What are the prime factors of 2203?
2203
What are the prime factors of 14757?
3, 4919
What are the prime factors of 3481?
59
What are the prime factors of 584?
2, 73
List the prime factors of 18831.
3, 6277
What are the prime factors of 1074?
2, 3, 179
List the prime factors of 10772.
2, 2693
List the prime factors of 1943.
29, 67
What are the prime factors of 105326?
2, 13, 4051
List the prime factors of 1005.
3, 5, 67
What are the prime factors of 4033?
37, 109
List the prime factors of 12900.
2, 3, 5, 43
List the prime factors of 6608.
2, 7, 59
List the prime factors of 73828.
2, 18457
List the prime factors of 2033.
19, 107
What are the prime factors of 1307?
1307
What are the prime factors of 2721?
3, 907
List the prime factors of 5994.
2, 3, 37
What are the prime factors of 871?
13, 67
What are the prime factors of 61864?
2, 11, 19, 37
List the prime factors of 438.
2, 3, 73
What are the prime factors of 642?
2, 3, 107
List the prime factors of 28651.
7, 4093
What are the prime factors of 3504?
2, 3, 73
What are the prime factors of 1799?
7, 257
List the prime factors of 17.
17
What are the prime factors of 43456?
2, 7, 97
List the prime factors of 9400.
2, 5, 47
What are the prime factors of 62594?
2, 7, 17, 263
What are the prime factors of 15503?
37, 419
What are the prime factors of 12752?
2, 797
What are the prime factors of 9512?
2, 29, 41
What are the prime factors of 4404?
2, 3, 367
What are the prime factors of 8603?
7, 1229
List the prime factors of 431.
431
What are the prime factors of 424?
2, 53
What are the prime factors of 17135?
5, 23, 149
List the prime factors of 66002.
2, 61, 541
What are the prime factors of 15415?
5, 3083
List the prime factors of 7611.
3, 43, 59
What are the prime factors of 29490?
2, 3, 5, 983
List the prime factors of 143.
11, 13
List the prime factors of 5651.
5651
List the prime factors of 63898.
2, 43, 743
List the prime factors of 623.
7, 89
List the prime factors of 8658.
2, 3, 13, 37
What are the prime factors of 29483?
29483
List the prime factors of 36293.
36293
List the prime factors of 103.
103
What are the prime factors of 16527?
3, 7, 787
What are the prime factors of 48492?
2, 3, 449
What are the prime factors of 19668?
2, 3, 11, 149
What are the prime factors of 27186?
2, 3, 23, 197
List the prime factors of 6746.
2, 3373
List the prime factors of 3128.
2, 17, 23
List the prime factors of 13040.
2, 5, 163
List the prime factors of 22809.
3, 7603
What are the prime factors of 1247?
29, 43
List the prime factors of 2049.
3, 683
What are the prime factors of 22805?
5, 4561
List the prime factors of 12774.
2, 3, 2129
List the prime factors of 1961.
37, 53
List the prime factors of 4209.
3, 23, 61
What are the prime factors of 2460?
2, 3, 5, 41
List the prime factors of 69535.
5, 13907
What are the prime factors of 23732?
2, 17, 349
List the prime factors of 12164.
2, 3041
What are the prime factors of 7287?
3, 7, 347
List the prime factors of 578.
2, 17
What are the prime factors of 19147?
41, 467
List the prime factors of 55043.
19, 2897
List the prime factors of 5264.
2, 7, 47
List the prime factors of 15450.
2, 3, 5, 103
What are the prime factors of 6232?
2, 19, 41
What are the prime factors of 12583?
12583
What are the prime factors of 9369?
3, 347
List the prime factors of 1006.
2, 503
List the prime factors of 27133.
43, 631
What are the prime factors of 133344?
2, 3, 463
What are the prime factors of 1095?
3, 5, 73
What are the prime factors of 23395?
5, 4679
What are the prime factors of 11034?
2, 3, 613
What are the prime factors of 27109?
27109
List the prime factors of 22317.
3, 43, 173
List the prime factors of 51514.
2, 43, 599
List the prime factors of 4130.
2, 5, 7, 59
List the prime factors of 661.
661
List the prime factors of 1463.
7, 11, 19
List the prime factors of 1976.
2, 13, 19
List the prime factors of 33495.
3, 5, 7, 11, 29
What are the prime factors of 5848?
2, 17, 43
List the prime factors of 5285.
5, 7, 151
What are the prime factors of 49229?
19, 2591
What are the prime factors of 989?
23, 43
List the prime factors of 56210.
2, 5, 7, 11, 73
List the prime factors of 2775.
3, 5, 37
What are the prime factors of 127664?
2, 79, 101
What are the prime factors of 6621?
3, 2207
What are the prime factors of 1530?
2, 3, 5, 17
List the prime factors of 27719.
53, 523
List the prime factors of 450.
2, 3, 5
List the prime factors of 682.
2, 11, 31
What are the prime factors of 11671?
11, 1061
List the prime factors of 15605.
5, 3121
List the prime factors of 13855.
5, 17, 163
What are the prime factors of 26373?
3, 59, 149
List the prime factors of 491.
491
What are the prime factors of 81366?
2, 3, 71, 191
List the prime factors of 1309.
7, 11, 17
List the prime factors of 1271.
31, 41
List the prime factors of 6013.
7, 859
What are the prime factors of 1581?
3, 17, 31
What are the prime factors of 1359?
3, 151
List th